617 - -15826. Let y = -51 + 71. What is the remainder when q is divided by y?
9
Suppose -3*w = 9, -2*v + 6 = -3*v + 2*w. Let y be -2 - 9*8/v. Suppose 115 = y*x - 0*u + 3*u, -3*u - 110 = -5*x. What is the remainder when x is divided by 8?
1
Let q(z) = 3*z**2 + 44*z + 174. Suppose -4*k + 359 = 3*o, 0 = -k + 5*o - 5 + 66. What is the remainder when k is divided by q(-7)?
8
Suppose -3*u - 31 = -5*o, 2*o = 4*u - 7 + 25. Suppose -23 = -2*f - 3. Suppose 0 = 5*y - f + o. What is the remainder when 1 is divided by y?
0
Let w = -5 - -11. Suppose 8*o = -2*u + 10*o - 12, -2*o = 4*u. What is the remainder when ((35/u)/5)/((-8)/48) is divided by w?
3
Let c(x) = 138*x + 5007. Calculate the remainder when 9788 is divided by c(-36).
38
Suppose -42*d = -37*d - 110. Let p be 648/60*30/4. Suppose 3*l = -4*y + 23, -6*y - p = -5*l - 2*y. Calculate the remainder when d is divided by l.
9
Let o = -42 - -88. Suppose -4*h = 4, 4*a + 0*h + 3*h + 127 = 0. Let m = o + a. What is the remainder when 57 is divided by m?
12
Suppose 2*w - 3*m = m - 4, 3*m - 3 = w. Suppose 3*d - 27 - 12 = 0. What is the remainder when (-6)/27 - w - 1606/(-18) is divided by d?
11
Let i(d) = -d**3 + 12*d**2 - d + 6. Let m(x) = 3*x**3 - 25*x**2 + x - 12. Let z(l) = 5*i(l) + 2*m(l). Calculate the remainder when z(-8) is divided by 23.
20
Suppose -28 = 8*i - 44. Suppose 0 = -2*b + u + 30, -i*b + 4*u - 2*u = -34. Calculate the remainder when 36 is divided by b.
10
Let u(p) = 2*p - 1. Let f be (-42)/(-3) + 0 - 3. Suppose -70 - 96 = -2*a. What is the remainder when a is divided by u(f)?
20
Suppose 0 = -38*a - 37*a - 39*a + 34998. What is the remainder when 616 is divided by a?
2
Let s(x) = 279*x + 6978. What is the remainder when 611 is divided by s(-25)?
2
Suppose -v - 5*h - 201 = 2*v, 3 = -h. Let g = v - -81. Calculate the remainder when 72/(2 - 0) + (1 - 3) is divided by g.
15
Let h = 26672 + -26595. Calculate the remainder when 4384 is divided by h.
72
Calculate the remainder when 1024 is divided by 52 + (-12)/36*39.
10
Let m(s) = s**2 + 4*s + 2. Suppose -20 = 5*d - 15. Let g(r) = r**2 + r. Let a(k) = d*m(k) + 5*g(k). Calculate the remainder when 47 is divided by a(-2).
11
Let u(d) = -d**2 + 48*d - 262. Calculate the remainder when 1134 is divided by u(7).
9
What is the remainder when (-14 - -12)/((-30)/3675) is divided by 123?
122
Let v be (18 - 13) + (1 - 5). Suppose -2*c = -v - 5. Suppose -6*u + c*u + 87 = 0. What is the remainder when u is divided by 10?
9
Let m(f) = -63*f - 163. Calculate the remainder when 2149 is divided by m(-3).
17
Let a(m) = -m**2 + m + 42. What is the remainder when 1545 is divided by a(-5)?
9
Suppose 0 = -4*q - 414 + 402. Calculate the remainder when 104 is divided by ((-2 - q) + 0)*190/10.
9
Let w(s) = -s**2 - 17*s + 34. Let j(g) = -4*g + 2. Let z be j(5). What is the remainder when 56 is divided by w(z)?
8
Suppose 2288*l - 49371 = 2277*l + 2945. Calculate the remainder when l is divided by 1187.
8
Suppose 20*t - 109 = 51. Suppose t*z - 63 = 41. What is the remainder when z is divided by 5?
3
Let z(r) = 4*r**2 + 5*r. Let f be z(-4). Suppose -8*q - 4 - 268 = 0. Let b = f + q. What is the remainder when 127 is divided by b?
7
Let g = 3051 - 1876. Calculate the remainder when g is divided by 49.
48
Let a(i) = -2*i - 14. Let p(f) = -f - 1. Let y(r) = -3*r - 10. Let u(q) = 4*p(q) - y(q). Calculate the remainder when a(-17) is divided by u(-6).
8
Let u(t) = 7*t - 15. Suppose -5*o + 2 = 3*l - 10, l - 5 = -2*o. Let a be u(o). Let x(j) = j**3 - 5*j**2 + j. What is the remainder when x(a) is divided by 9?
6
What is the remainder when 3 - (-50)/(-15) - 3344/(-33) - 3 is divided by 5?
3
Let m(f) = f**2 - 12*f + 14. Let p be m(11). Calculate the remainder when 254 is divided by 8008/156 + (-1)/p.
50
Let m = 172 - 180. Calculate the remainder when (-11 - m) + 2 + 103 is divided by 13.
11
Let z be (16 - 14) + 3/(6/106). Suppose y + 2*p - 61 = 0, y + 0*y = p + z. Let i = y + -49. What is the remainder when 12 is divided by i?
4
Let i(y) = 19*y - 15. Suppose -2*h = -2*o + 24, -13 = o + h - 15. What is the remainder when i(5) is divided by o?
3
Suppose -328*t = 58*t - 3004 + 688. Suppose 0 = 2*n - 2*a - 2 - 40, 0 = -3*a - 9. Calculate the remainder when n is divided by t.
0
Suppose 28038 - 4398 = 30*g. What is the remainder when g is divided by 207?
167
Suppose 0 = -g - 8*w + 7*w - 9, 0 = 4*w + 8. Calculate the remainder when 51 is divided by (8/g)/(13/(-91)).
3
Let x(z) = -z**3 + 7*z**2 - 6*z + 7. Suppose -2*n + 36 = 3*c, 3*n - 87 = -42*c + 43*c. Calculate the remainder when n is divided by x(6).
6
Let o(i) = 10*i - 128. Let d be o(25). Suppose -9*b + d + 1723 = 0. Calculate the remainder when b is divided by 35.
30
Let g(c) = 5*c**3 + 4*c + 3. Let j be g(-1). What is the remainder when 53 is divided by (-4 - j) + 2 + 15?
15
Let f = 18311 + -18303. Calculate the remainder when 17 is divided by f.
1
Suppose -4*f - 11 = -3*g - 2*f, -g + 3*f - 1 = 0. Suppose 2*o = 6*q - 3*q - 124, -g*q + 165 = 5*o. Calculate the remainder when 186 is divided by q.
34
Let f be (-12)/(-1)*182/4. Suppose 4*c - 102 = f. What is the remainder when c is divided by (3/6)/((-2)/(-60)) + -4 + 0?
8
Let u(a) = -a**2 + 1. Let h(o) = 3*o**2 - 15*o + 11. Let d(v) = 2*h(v) + 4*u(v). Calculate the remainder when 288 is divided by d(16).
56
Let g(y) be the second derivative of -y**3/6 + 7*y**2 + 6*y - 6. Let x = 1 - -7. What is the remainder when 23 is divided by g(x)?
5
Let o(v) = -v**3 - 51*v**2 + 54*v + 304. Calculate the remainder when o(-52) is divided by 42.
32
Suppose 0 = -2*w - w + 198. Suppose -3937*j + 3874*j + 6343 = -5942. What is the remainder when j is divided by w?
63
Let g(k) = -4*k - 34. Let s be g(11). Let i = -43 - s. Let y = 3 + 3. Calculate the remainder when i is divided by y.
5
Let n(q) = q**3 + 1 - 5*q**2 - 7*q + 5 + 2*q + 11. Suppose 107 = 3*i + 4*l, 135 - 4 = 3*i - 2*l. Calculate the remainder when i is divided by n(6).
18
Let z(m) = 34*m + 1118. Calculate the remainder when 2055 is divided by z(-30).
95
Suppose 2*d - 170 = -4*t, 5*d - 407 = -14*t + 10*t. Calculate the remainder when d is divided by 23.
10
Let b(l) = l**3 - 25*l**2 + 31. Suppose -4*n = -9*n - 2*g + 133, -5*n + 2*g + 117 = 0. What is the remainder when b(n) is divided by 17?
14
Suppose -3*j = 1016*h - 1020*h + 588, j = 4*h - 596. What is the remainder when 239 is divided by h?
89
Let y(i) = i**3 + 12*i**2 + 253*i + 2663. Calculate the remainder when 141 is divided by y(-11).
0
Let m(c) = c**3 + 12*c**2 + 21*c + 10. Let f be m(-10). Let t be 700/22 + f + 4/22. Let w = t + -20. Calculate the remainder when 47 is divided by w.
11
Suppose 17 = -v + 4*h, -4*h - 52 = 2*v + 30. Let q = -31 - v. What is the remainder when -3 + 2 + (-6)/q + 59 is divided by 19?
17
Let c(s) = 13*s**3 - 4*s**2 + 1. Let k be c(2). Let r = -87 + k. Suppose 3*u - 56 - 7 = 0. What is the remainder when u is divided by r?
1
Let a = -2893 - -3016. Calculate the remainder when 368 is divided by a.
122
Let h(t) = 62*t**2 + t - 1. Let a be h(-1). Suppose -5*i + 2*n + a = 0, 3*n + 2 = -i - 3. What is the remainder when ((175/i)/(-7))/((-1)/2) is divided by 5?
0
Let z be 5/(100/(-8)) + (-407)/(-55). Suppose 0 = -b + 6*a - z*a + 55, -2*a - 190 = -4*b. What is the remainder when 149 is divided by b?
49
Suppose -85 = -3*x + 2*f, 7*x - 2*x - 139 = 2*f. Suppose x*v + 96 = 29*v. Suppose -v*i + 41 = -47*i. Calculate the remainder when 120 is divided by i.
38
Suppose 0 = -38*u + 382 + 188. Suppose -4*s + 350 = 3*s. What is the remainder when s is divided by u?
5
Suppose -196*x - 280 = -198*x. Let c = -23 + x. What is the remainder when c is divided by 20?
17
Suppose 7*x + 3011 = -5935. Calculate the remainder when 70 is divided by (-30)/4*x/355.
16
Let h = -676 + 690. Suppose -7 = -j + 2. Suppose -j*q + h*q = 10. What is the remainder when q is divided by 2?
0
Let h = 37177 - 37103. Calculate the remainder when 375 is divided by h.
5
Let k = 7 - 7. Suppose k = 4*m + m - 130. Suppose -3*z + 276 = 3*l, 0 = -l + 3*z + 82 + m. What is the remainder when l is divided by 25?
21
Let q(l) be the second derivative of -5*l**3/3 + 87*l**2 - 145*l. What is the remainder when 47 is divided by q(16)?
5
Let n(h) = 43*h. Calculate the remainder when n(2) is divided by 45/(-405)*(-267 + -